 - 23*o = -28*o - 5116, -5*p = -4*o - 8518. What is the remainder when p is divided by 851?
0
Suppose -105 = d - 4*d. Let r(z) = -2*z**2 - z - 5. Let v be r(-5). Let p = 60 + v. What is the remainder when d is divided by p?
5
Suppose 0 = 12*g - 13*g + 58. Let o = 73 - g. What is the remainder when o is divided by (-7)/(-28) - (-23)/4?
3
Let t = 1314 + 34. Suppose -2*u + 392 = -t. What is the remainder when u/25 - (-1)/5 is divided by 19?
16
Suppose -q = -2*c - 6*q + 1016, 1028 = 2*c + 2*q. What is the remainder when c is divided by 228?
62
Let z(t) = 35*t**2 - 115*t - 1. What is the remainder when 611 is divided by z(5)?
13
Let p = 17173 - 15872. What is the remainder when p is divided by 1285?
16
Let r = 3167 + -1025. Calculate the remainder when r is divided by 55.
52
Let h be (-12 - -3) + 588/28. Suppose 2*r + 202 = 3*l, h*r = -2*l + 7*r + 122. Calculate the remainder when l is divided by 32.
2
Let s = 79 - 52. Let g(f) = 14*f - 84. Calculate the remainder when g(10) is divided by s.
2
Suppose 5*k = -m + 12, 4*k - 16 = -5*m + 2. Suppose 2*u + 4 = 4*c, -u - 4 = -4*c - m. Suppose c = -2*x + 2 + 16. What is the remainder when 43 is divided by x?
7
Let f be -10*14/(-175)*-145. Calculate the remainder when 9/(-1) + 4 - f is divided by 40.
31
Let o = -235 + 239. Suppose -o*n + 5*u - 8*u + 217 = 0, -4*u = 4. What is the remainder when n is divided by 37?
18
Let d = -23 - -33. Suppose -4*c = -14 - d. Suppose -c*a - 13 = -7*a. Calculate the remainder when 23 is divided by a.
10
Suppose p - 37 = l, 2*l = -4*p - 3*l + 94. Calculate the remainder when 236 is divided by p.
19
Let p be -3 + 7 - (-1 - -5). Suppose p = -2*k - 19*k + 273. What is the remainder when 49 is divided by k?
10
Suppose -35*f - 4*f + 112 = -83. What is the remainder when 214 is divided by f?
4
Let p(b) = -2*b**2 + 167*b - 2539. Calculate the remainder when p(32) is divided by 168.
85
Suppose -24*p + 1323 + 6933 = 0. Calculate the remainder when 368 is divided by p.
24
Let i = 30859 - 30844. Let p = -113 - -199. What is the remainder when p is divided by i?
11
Let i = -110 - 133. Let a = 592 + i. What is the remainder when a is divided by 39?
37
Suppose 37607 + 747 = 127*o. Calculate the remainder when 1810 is divided by o.
300
Suppose 22*k = 23*k - 104. Suppose 554 - k = 6*y. What is the remainder when y is divided by 39?
36
Suppose 0 = -34*y + 38*y + 6*k - 20194, -3*y = -4*k - 15086. Calculate the remainder when y is divided by 16.
14
Let m = 38 + -40. Let v be ((-120)/(-32))/(m/(-8)). Suppose 0 = 4*y - v - 9. Calculate the remainder when 21 is divided by y.
3
Suppose -171 + 51 = -5*k - 5*h, 3*k - 32 = 5*h. Suppose -28*m - 70 = -23*m. Let w = m - -18. Calculate the remainder when k is divided by w.
3
Let n(g) = -156*g + 1. Let v be n(-1). Suppose v - 10 = w. Calculate the remainder when w is divided by 38.
33
Let v(j) = 5*j**2 + 18*j + 10. Suppose -2*z - 3*f - 2*f = -31, -4*z + 32 = 4*f. Suppose 33 = l + z. What is the remainder when l is divided by v(-4)?
12
Suppose p - 3*g = 26 + 24, -3*p = g - 120. Suppose -96 = -43*n + p*n. Calculate the remainder when n is divided by 5.
3
Suppose -5*j - 3*w + 110219 = 0, 596*j - 594*j = -4*w + 44068. Calculate the remainder when j is divided by 42.
40
Let o = -720 + 977. Suppose o = 8*m + 161. Let t(k) = 3*k**2 - 4. Calculate the remainder when t(-3) is divided by m.
11
Let g be (0 + (-514)/(-6))*(-9)/(-3). Let n = 292 - g. What is the remainder when 313 is divided by n?
33
Suppose 3*a - 3*d - 2*d = -763, 3*a = 2*d - 775. Let c = 306 + a. Calculate the remainder when c is divided by 27.
18
Let f(y) = -47*y + 28. Let w be f(-2). What is the remainder when (w + -9)*(3 + -2) is divided by 21?
8
Let x(a) = 2*a**2 + 3*a - 3. Let s = -6801 - -6930. What is the remainder when s is divided by x(-3)?
3
Calculate the remainder when 2763 is divided by (-158)/((18/(-5) - -2) + (-230)/575).
77
Suppose 39 = 76*s - 72*s + d, 3*d = 14*s - 195. Calculate the remainder when 238 is divided by s.
10
Suppose -3*h - 20 = 4*s, -18 = -3*h + 3*s - 3. Suppose a - 50 - 43 = h. What is the remainder when a is divided by 13?
2
Suppose 5*s + 10 = 6*b - b, -3*s = -2*b + 6. Let o be (-1)/2 + ((-1057)/(-14) - s). Let i = o - 44. What is the remainder when i is divided by 18?
15
Let l(t) = -2*t**3 + 21*t**2 - 24*t - 15. Suppose 4*f + 5*a - 537 = 0, -3*a + 405 = f + 2*f. Let r = -91 + f. What is the remainder when r is divided by l(9)?
11
Let z(r) = r**3 - 9*r**2 - 3*r + 20. Suppose 3*q = 17 + 4. Let v be z(q). Let w = 141 + v. Calculate the remainder when w is divided by 16.
10
Let o(t) = t**3 - t**2 - 10. What is the remainder when o(7) is divided by (-1)/(((-12)/(-15))/(-4))?
4
Let p(g) = -437*g - 7675. Calculate the remainder when 2289 is divided by p(-18).
188
Let s be (415 + 3)*((-3)/(-6) + -1). Let c = s - -266. What is the remainder when c is divided by 12?
9
Let g = 47 + -42. Suppose 0 = 2*b - 10, b - g*b - 13 = -o. What is the remainder when 426 is divided by o?
30
Calculate the remainder when 398 is divided by (-2)/5 - (5553/(-45) - 11).
130
Let c(t) = 15*t + 10. Let x be c(-1). Suppose 48 - 15 = 3*f. What is the remainder when ((-3144)/32)/(-1) + x/4 is divided by f?
9
Let p = 35991 - 35984. What is the remainder when 1397 is divided by p?
4
Suppose 56*z - 1618 = 958. Let u = -64 + 147. What is the remainder when u is divided by z?
37
Suppose 0 = -18*h + 515 + 115. What is the remainder when h is divided by 6?
5
Let q(l) = -3 + 1 - 10 + 5 + l. Calculate the remainder when (4/10)/(7/315) is divided by q(12).
3
Let c(j) = j**3 + 4*j**2 - 5*j + 3. Let n be c(2). Suppose n*h - 31*h + 434 = 0. What is the remainder when 113 is divided by h?
20
Let u(x) = -x**3 - 7*x**2 - 8*x + 3. Let i = -66 + 60. What is the remainder when u(i) is divided by (-4)/(-26) - 100/(-26)?
3
Calculate the remainder when 279 is divided by 4942/3177*(-1 - -10).
13
Let x = -339 + 390. Calculate the remainder when 301 is divided by x.
46
Let y = -8408 + 8480. Calculate the remainder when 1569 is divided by y.
57
Suppose 65 = 7*f - 2*f. Let n(q) = 2*q + 6. Let d(a) = -2*a - 13. Let g(o) = -2*d(o) - 5*n(o). Calculate the remainder when f is divided by g(-1).
1
Let u(f) = 187*f - 264. Calculate the remainder when 214 is divided by u(2).
104
Let i(x) = -13*x**2 - 13*x**2 - 25 - 10 - 7*x + 27*x**2 - x. What is the remainder when 50 is divided by i(-5)?
20
Suppose 0 = -100*b + 8*b - 127*b + 581883. Calculate the remainder when b is divided by 116.
105
Let t = -265 + 269. Let b(n) = n**2 - n. What is the remainder when 35 is divided by b(t)?
11
What is the remainder when 3449 is divided by (75/(-2))/(3/(-12))?
149
Suppose 3231*l = 3224*l + 8834. Calculate the remainder when l is divided by 181.
176
Suppose 39*q - 60150 = 16*q + 37784. Calculate the remainder when q is divided by 15.
13
Suppose -3*y - 8 - 22 = 0. What is the remainder when 19 is divided by (-84)/(-44) - (-3)/33 - y?
7
Suppose 0 = -17*t + 12*t + 65. Suppose t*m = -1717 + 11194. Suppose 14*d = m - 127. What is the remainder when d is divided by 16?
11
Let x(d) = -12*d**3 - 19*d**2 - 4*d - 4. Calculate the remainder when 678 is divided by x(-3).
34
Suppose -6*r + 0*r + 5*z = -1889, 1259 = 4*r - 3*z. What is the remainder when r is divided by 20?
14
Let x(s) = s**3 - 6*s**2 - 46*s + 284. What is the remainder when 85 is divided by x(7)?
8
Suppose 4*c - 36 = a - 187, -3*a + 467 = 2*c. Let w = a - 52. Calculate the remainder when w is divided by 7.
5
Suppose 11631 = -53*m + 29598. What is the remainder when m is divided by 111?
6
Suppose 8 = 4*c, 4*f - c - 1613 = -f. Suppose -379 = 13*j + f. Let y = -13 - j. Calculate the remainder when y is divided by 14.
13
Suppose s = -536*n + 532*n + 190, -2*s + n + 362 = 0. Calculate the remainder when 3635 is divided by s.
177
Calculate the remainder when ((-17)/34)/((-413)/(-414) - 1) is divided by 14.
11
Let z = 36789 - 36764. What is the remainder when 795 is divided by z?
20
Let x(j) = 75 - j - 10*j + 41. Calculate the remainder when 183 is divided by x(9).
13
Let u = 443 - 445. What is the remainder when (u - -1) + -5 + 99 is divided by 40?
13
Let o(a) = a**2 - 18*a - 427. Calculate the remainder when 219 is divided by o(32).
9
Let w be (-8)/6*99/(-44). Let i be (36/60)/(w/(-15)). Let m(l) = -13